(-13). Suppose 66 = 33*z - 22*z. What is the greatest common factor of z and s?
6
Let o = -1049 + 1112. Calculate the highest common factor of 511 and o.
7
Let a be (-8988)/9*198/(-231). What is the greatest common divisor of 3959 and a?
107
Suppose 16 = t + 3. Let j = 57 - 48. Suppose -j*x + 7*x = -442. What is the highest common factor of x and t?
13
Suppose -65*o + 244*o - 1667027 = 0. Calculate the greatest common divisor of o and 67.
67
Suppose 1910 = 4*a + 5*v, 2*a + 228*v = 232*v + 942. Calculate the greatest common factor of a and 125.
25
Suppose -z = -2*z + 75. Suppose -27*p + 24*p = 5*s - 48, 0 = 2*s - 4*p - 66. What is the highest common factor of z and s?
15
Suppose -15*d = -14*d + 31*d - 1056. Let p = -110 - -174. Suppose r - 12 = 2*a, 0*r + 4*a = -2*r + p. What is the highest common factor of d and r?
11
Let i(c) = 70*c**2 - 20*c + 25. Let n be i(4). Let k = -745 + n. What is the highest common divisor of 40 and k?
40
Let a be 0 + -2 + (-1)/(3/(-216)). Let x(w) be the first derivative of 5*w**2/2 - 11*w - 44. Let s be x(5). Calculate the highest common divisor of a and s.
14
Suppose -5*c - 1485 = -d, -4*d = 3*c - 2296 - 3690. Calculate the highest common divisor of 8073 and d.
299
Let g(x) = 177*x + 1856. Let i be g(-10). What is the highest common divisor of i and 32?
2
Suppose -7*d - 5*f - 217 = -11*d, d - 53 = f. What is the greatest common factor of 124 and d?
4
Let z be 0/(-1 - (1 - (5 - 1))). Suppose z = 5*g - 5*o - 345, -7*g + 10*g - 209 = 5*o. Calculate the highest common divisor of g and 51.
17
Suppose 8437 = 47*t + 12*t. Calculate the greatest common factor of t and 5863.
143
Let i(d) = -34*d**2 + 0*d + 0*d - 1 + 39*d**2. Let s be i(-1). Let j be (28/1)/(s + -2). Calculate the greatest common factor of 35 and j.
7
Let o(n) = -174*n - 1181. Let w be o(-7). Calculate the highest common factor of 3293 and w.
37
Suppose 2*q + 4*d = 4340, 378*q - 3*d = 379*q - 2171. Calculate the greatest common factor of q and 16.
8
Let h be 710/30 - (2 - (-7)/(-3)). Let m = 18 + -7. Suppose -2*b - m + 140 = -3*r, -2*b + 114 = 2*r. Calculate the highest common divisor of h and b.
12
Let a = -1033 + 1465. What is the highest common divisor of a and 2880?
144
Suppose -432 = -137*h - 21. Let u = 2 + 0. Calculate the highest common factor of u and h.
1
Let s = -6272 + 6322. Calculate the greatest common divisor of 6725 and s.
25
Let o(s) = -s**3 - 22*s**2 - 42*s - 22. Let l be o(-20). Let f be 141/15 + l/30. What is the highest common factor of 110 and f?
10
Let a be ((-1056)/36)/(28/(-21)). What is the greatest common divisor of 1958 and a?
22
Let a be (0 - 126/(-48) - 3) + (-5912)/(-64). What is the highest common factor of 69 and a?
23
Let y = -23 - -65. Suppose 4*h + d - 46 = 27, h - y = -5*d. Suppose 0 = -h*q + 19*q - 12. What is the greatest common divisor of 18 and q?
6
Let w(h) = h + 6. Let d be w(-7). Let y be d/(9/(-2) - -4). Let a be 18/15*5*35/y. Calculate the highest common factor of 15 and a.
15
Let i = 10290 - 9964. Suppose 0*w + 6 = 2*w. Suppose -i = -w*a - 3*t - 53, -4*a = 5*t - 368. Calculate the greatest common factor of a and 29.
29
Let l be (-10)/((-777)/154 + 5). Suppose 0 = -3*v - 3*m + 240, 3*v - m = -0*v + l. Calculate the highest common factor of 30 and v.
15
Let g(n) be the first derivative of 7*n**3/3 - 5*n**2/2 - 18*n + 139. Suppose -8 - 4 = -2*i. Let k be g(i). What is the highest common factor of 51 and k?
51
Suppose 194*j = 246*j - 9204. Calculate the highest common divisor of 3363 and j.
177
Let u be 5 + 1/2*406. Let a = u + -104. Calculate the greatest common factor of a and 260.
52
Suppose 437*u = -5*b + 441*u + 33772, -2*u = 16. What is the highest common factor of 56 and b?
28
Suppose 10*i + 7759 + 881 = 22*i. Calculate the highest common factor of 630 and i.
90
Let q(p) = -p**3 - 7*p**2 + 595. Let k be q(0). What is the greatest common factor of k and 2720?
85
Suppose 0 = 2*v - 151 + 137. Suppose -11 = -3*q - 5*t - v, 2*q - 3 = -3*t. What is the greatest common factor of 3 and q?
3
Let f(s) = -36*s + 1. Let w be f(-6). Let z(u) = -63*u**3 + 303*u + 302. Let l be z(-1). Calculate the greatest common divisor of w and l.
31
Suppose 0*y - y - 2*o + 207 = 0, 4*y = 4*o + 804. What is the greatest common divisor of 116 and y?
29
Suppose -2*x + 17 = -15. Let y = 43288 - 43056. What is the greatest common factor of x and y?
8
Suppose 4*z + 2*y - 1748 = 6*y, 2*y + 1740 = 4*z. Let t = 490 - z. What is the greatest common factor of t and 3?
3
Suppose 0 = 8*o + 1613 - 1845. What is the greatest common divisor of 609 and o?
29
Let v = 568 - 496. What is the greatest common divisor of v and 1656?
72
Suppose -t - 43 = 3*k - 7*k, 4*k = -3*t + 31. Suppose -k = 3*c + 5. Let g be ((-4)/c)/(6/120). Calculate the highest common divisor of 40 and g.
8
Let q be 17 + 0 + -7 + 6 + (-464)/464. What is the greatest common divisor of q and 3945?
15
Let z be (-9)/(-63) - 713/(-7). Suppose -15*k + 49*k = z. What is the highest common factor of 32 and k?
1
Let r(t) = -10*t**3 + 26*t**2 + 78*t - 5. Let c be r(-3). Calculate the highest common factor of c and 159.
53
Suppose -23*o + 75371 = -0*o. What is the highest common factor of o and 29?
29
Let o = 103 + -100. Suppose 2*s = -f - 11, o*s = -2*f - 2 - 13. Let r be (s + (-102)/(-12))*(-1 + 21). Calculate the greatest common factor of r and 75.
15
Suppose -5*t - 630 = -7*t. Suppose -52*m + 60*m - 1392 = 0. Let n = m - 129. What is the highest common factor of n and t?
45
Suppose 533*c - 164320 = 253*c + 260*c. What is the highest common factor of 104 and c?
104
Let s(i) = 7*i**3 + i**2 + 79*i - 185. Let u be s(11). What is the greatest common divisor of u and 42?
42
Let z(u) = 21*u**2 + 28*u - 28. Let p be z(1). Let f = 29 - p. What is the highest common divisor of f and 15?
1
Suppose 0 = 2*f + 20 - 122. Suppose -4*b - 4*h + 68 = 0, -h = -2*b + f - 20. What is the greatest common divisor of 144 and b?
16
Suppose 4*y - 2071*d - 130 = -2069*d, 0 = 3*y - 5*d - 115. Let v = 162 + -83. Let c = v - 39. What is the highest common divisor of y and c?
10
Suppose -3*a = 2*g - 504 - 353, -5*a - 5*g = -1420. Let h = -2438 + 2489. Calculate the greatest common factor of h and a.
17
Suppose 12*a + 2*p = 16*a - 240, 0 = -4*a + 5*p + 222. What is the greatest common divisor of a and 126?
63
Let m(z) = z**2 + 20*z - 76. Let g be m(-23). Let j be g/(42/(-36))*10. Calculate the greatest common divisor of j and 12.
12
Let g(b) = 3*b**2 - 14*b - 52. Let d = 431 + -436. Let c be g(d). Calculate the highest common factor of c and 31.
31
Suppose 5*x = 2*j - 20 - 6, 3*x = -3*j + 60. Let w = j + -20. Let s be 55/(-1)*w/2. Calculate the highest common divisor of s and 5.
5
Let p = -1193 - -1236. Let x be (-1)/((-3)/1155 + 0). Suppose 0 = -3*c - m + x, m = 3*c + 5*m - 379. What is the highest common factor of c and p?
43
Suppose 310 = 5*m + 3*h, -4*h = 15*m - 11*m - 248. Let o = -53 + m. Suppose -5*j + 8*j - 513 = 0. What is the greatest common factor of o and j?
9
Let a be 180/(-54) - 8806/(-21). Let p = -11 + 19. What is the greatest common divisor of a and p?
8
Suppose -24 = -11*h + 7*h. Suppose 2*q + 0*z = -2*z - 20, 4*z = 3*q - 5. Let m be 21/(-35) - ((-306)/q)/(-2). Calculate the highest common factor of h and m.
6
Suppose 2784 = -11079*n + 11103*n. What is the greatest common divisor of n and 6206?
58
Suppose 2*o + 2*q - 3*q - 6 = 0, 3*q = 3*o - 9. Suppose 22*p - 27*p + 138 = 2*v, 2*v - 138 = -2*p. Calculate the greatest common factor of v and o.
3
Let i = 32605 - 32537. What is the greatest common divisor of i and 60384?
68
Let s = -17449 - -17717. Calculate the highest common divisor of s and 56.
4
Suppose 2*x - 41819 = -3*t, -5*t + 361*x = 362*x - 69710. What is the highest common factor of 73 and t?
73
Let q = 11255 + -11229. What is the highest common divisor of 65 and q?
13
Suppose 30*r + 24*r - 78240 = 14*r. What is the greatest common factor of 60 and r?
12
Suppose -526*k = -161*k - 3310915. What is the greatest common divisor of k and 47?
47
Suppose 3*b - 11*j + 9*j = -15, 5*j = -15. Let x be 9/(-6)*-118 + (b - -5). Calculate the greatest common factor of 25 and x.
25
Let n = -17 + 25. Let w(s) = 2*s**2 - 15*s - 10. Let b be w(n). Let m be 1*27/(-6)*1*b. Calculate the highest common factor of 9 a